of c?
8
Let p be 12 + 2 + (0 - -1). Suppose 0 = -5*n + 4*c - c + p, -4*n = -5*c - 25. Let o(x) = -x**2 + 5. What is the units digit of o(n)?
5
Suppose 330 = 2*k - 2*v, -2*v - 25 = -7*v. What is the hundreds digit of k?
1
Let t = 0 + 6. Let m = t - 3. What is the units digit of m?
3
Let y(o) = o**2 - 5*o. What is the tens digit of y(8)?
2
Suppose -5*j + 286 = 31. What is the tens digit of j?
5
Suppose 0 = -5*f + f - 5*r + 39, 0 = -5*f - r + 75. What is the tens digit of f?
1
Let q(d) = d. Let f(k) = -k**3 + 11*k**2 - 10*k - 4. Let u be f(10). Let p be q(u). What is the tens digit of p/(1 - (-7)/(-5))?
1
Let u(r) = -r**3 - r**2 + r - 7. What is the units digit of u(-6)?
7
Suppose -2*d + t = -3, -5*d - 5*t + 7 = -4*d. Let p(u) = -d*u + 8*u**2 + u**2 - u**2 - 1. What is the units digit of p(-1)?
9
Let j = -19 + 30. What is the tens digit of j - (0 - -2) - -2?
1
Let c(v) = v**3 - 6*v**2 + 3*v - 9. What is the units digit of c(6)?
9
Let w = 253 - 157. What is the tens digit of w/7 + 6/21?
1
Let w(m) be the second derivative of -7*m**3/6 - 3*m**2/2 + 3*m. What is the tens digit of w(-2)?
1
Suppose -2*i + 0 = -2. Let r be (-3)/6*(i + -11). Suppose -2*u - 2 = 8, -3*u = -r*c + 105. What is the units digit of c?
8
Let s = 651 + -380. What is the units digit of s?
1
Suppose 2*v = -2*v + 36. What is the units digit of (v/(-27))/(2/(-36))?
6
Let a(z) = -z**3 + 6*z**2 + 8*z + 1. Let t = 10 + -7. Suppose 21 = t*s - 0*s. What is the units digit of a(s)?
8
What is the tens digit of (2/4)/((-5)/(-720))?
7
Let k = 47 - -17. What is the units digit of k?
4
Let j(f) = -f**3 - 4*f**2 - f - 2. Let k be j(-4). Let n(t) = -12 + t**3 + 0*t + 11 - 2*t. What is the units digit of n(k)?
3
Let v be (8/6)/((-3)/108). Let s = -24 - v. What is the units digit of s?
4
Suppose -48 - 15 = 3*g. Let t = g + 34. What is the units digit of t?
3
What is the tens digit of 1/2*(-15)/(60/(-584))?
7
Suppose 3*a + 1 = -2. Let q(g) = 0 + 0 - 10*g. What is the tens digit of q(a)?
1
Suppose 6*f - 15 = 3*f. Let p(m) = m**2 - 2*m - 2. What is the tens digit of p(f)?
1
Let p = 10 - 6. Suppose d = 3*l - 0*d - 59, 0 = 5*l + p*d - 87. What is the tens digit of l?
1
Let s(h) = -2*h + 7. What is the units digit of s(-5)?
7
What is the units digit of 1119/12 + 3/4?
4
Let x be (-12)/5*(-30)/9. Suppose x = 4*h - 2*a - 3*a, a + 6 = 3*h. Let g = 3 - h. What is the units digit of g?
1
Suppose 4*q + 54 = 302. What is the units digit of q?
2
Let h(c) = c**3 + 4*c**2 + 2*c - 1. Let i be h(-3). Suppose -w = i*p - 23, 0*w = -4*p - w + 47. What is the tens digit of p?
1
Let p = 14 + -11. What is the tens digit of (10/p)/((-1)/(-6))?
2
Suppose 13 = a + 2*h, 3*h + 19 = a + 3*a. What is the units digit of a?
7
Suppose -12 = -5*c + 2*c. Suppose c*a - 65 = l, 2*a - 5*l - 100 = -3*a. What is the units digit of a?
5
Let a be ((-2)/4)/((-2)/8). Let x be (-8)/(-24) - (-172)/6. Suppose -a*v = -x - 7. What is the units digit of v?
8
Let x(l) = -l - 3. Let y be x(-3). Suppose y = -d + 9 + 5. What is the tens digit of d?
1
Suppose 3 + 0 = 3*q. Suppose -25 = -2*u - q. What is the units digit of u?
2
Let y(g) = -g**3 + 12*g**2 + 7*g + 14. What is the hundreds digit of y(11)?
2
Let k(f) = -f - 1. Let d(h) = 4*h + 2. Let u(t) = -d(t) - 2*k(t). Suppose 2*p - 2*c - 13 = 3*p, -3*c - 27 = 3*p. What is the tens digit of u(p)?
1
Suppose 0 = -5*x + 5*b + 110, 5*x - 97 = 4*b + 12. Suppose o = 2*o - x. Let t = -8 + o. What is the units digit of t?
3
Let r(k) be the first derivative of -3*k**2/2 + 2*k + 10. Suppose -6 = 3*q - 3*h, 2*q = -4*h - 1 - 3. What is the units digit of r(q)?
8
Suppose 4*p - 2*i + 40 = 0, 3*p = -2*i - 2*i - 19. Let l(k) = -k**3 - 10*k**2 - 10*k - 4. What is the units digit of l(p)?
5
Suppose -4*r - 3 = -19. Suppose -2*p = 2*k - 9 - 1, 0 = -r*p - 3*k + 16. Let w = p - 0. What is the units digit of w?
1
Suppose s - r - 55 = -s, s - 50 = -4*r. What is the tens digit of s?
3
Let r = 2 + -2. Suppose r = 2*z - 0 - 8. What is the units digit of z?
4
Let t = 24 - 15. What is the units digit of t?
9
Suppose f = x + 3, -4*f - 3 = -0*f - x. Let m be 3 - 1/(-2)*f. Suppose m*y - 7 = 13. What is the tens digit of y?
1
Suppose -4*f = -5*f + 2. Suppose z + 3*i - 3 = i, 0 = -5*z - f*i + 23. Suppose 0 = v + 5*l - 2*l - 14, -z*v = 2*l - 44. What is the units digit of v?
8
Let r be ((-10)/(-4))/(7/14). What is the units digit of ((-8)/r)/((-2)/5)?
4
Let n = -77 + 44. What is the units digit of (n/(-5))/(4/20)?
3
Suppose -5*n - 2*b + 14 = 2*b, -4*n + 5*b + 44 = 0. What is the units digit of n?
6
Let h = -4 - -4. Suppose -3*j + 6 = -h. Let s = j - -5. What is the units digit of s?
7
Let w be (-7 - -6) + 21*1. Suppose m + 5*i = 13, 67 = 3*m - i - w. What is the tens digit of m?
2
Let c(i) = -i**2 + 5*i + 2. Let v be c(5). Let l be 1*v*2/2. Suppose -3 = -5*t + l. What is the units digit of t?
1
Suppose 0*s + 5*f + 39 = -2*s, -3*s = -3*f + 6. Let g = s + 12. Suppose 0 = -g*x + 44 + 11. What is the tens digit of x?
1
Let l = 96 + -39. What is the tens digit of l?
5
Let t = 23 + 2. What is the units digit of t?
5
Let j(c) be the third derivative of c**5/60 - c**4/24 + c**3 - c**2. Let x be (-2 - (-20)/8)*0. What is the units digit of j(x)?
6
What is the units digit of 2*(-1)/(-6)*9?
3
Let u(q) = -q + 3. Let j be u(1). Suppose -16 = j*z - 54. What is the units digit of z?
9
Let x(n) = n**3 - 5*n**2 - 2*n + 11. What is the units digit of x(9)?
7
Suppose 0 = 2*t - 5 - 19. Let v be ((-6)/t)/(1/12). Let a = v + 8. What is the units digit of a?
2
Let n be 1*(-1 + 4 + 1). Suppose n = k - 3*k, -3*t - 5 = 4*k. What is the units digit of t?
1
Let i = 120 - 56. What is the units digit of i?
4
Suppose 0 = 3*r + k - 40 - 122, 4*k - 98 = -2*r. What is the tens digit of r?
5
What is the units digit of (-8)/7 + 2/14 - -94?
3
Let r = 109 + -50. Suppose -5*p + 2*f + 90 = 0, -2*p = 2*p + f - r. What is the units digit of p?
6
Let h = -109 - -115. What is the units digit of h?
6
Let s(q) = q**3 + 8*q**2 + 5*q - 9. Let g = 5 + -12. Let c be s(g). Let d(r) = r - 4. What is the units digit of d(c)?
1
Let j = 19 - 5. Suppose 0 = r + j + 1. Let c = r + 22. What is the units digit of c?
7
Let u(t) = 30*t - 27*t - 7 - 9. What is the units digit of u(14)?
6
Let y(g) = g**2 - 6*g + 1. What is the units digit of y(7)?
8
Suppose -10 - 10 = 5*u. What is the tens digit of (-30)/((-1)/(u/(-6)))?
2
Let y be (0 + 2/2)*-3. Let o = 131 + -137. What is the units digit of y/o*3*4?
6
Let c be 17/4 + 1/(-4). Suppose -7 = -c*n - 19. What is the units digit of (-9)/n + (-4)/2?
1
Let n(l) = -6*l. Suppose -2*d + 5*o = -3, 2*d - 13 = -0*d - 5*o. Suppose -d*z - 3 = 1. What is the units digit of n(z)?
6
Suppose -5*i - 333 = -2*w - 4*i, 0 = -3*w + 4*i + 507. What is the tens digit of w?
6
Let m(f) = 169*f - 24. What is the units digit of m(2)?
4
Let r be (1*-1)/((-9)/144). Let l = -5 + r. What is the tens digit of l?
1
Suppose 0 = -o + 2*n + 198, 4*o - 5*o + 192 = -4*n. What is the units digit of o?
4
Suppose 10 = 5*t - 10. What is the units digit of (-184)/(-16) + 2/t?
2
Let b(j) = -j**2 - 7*j - 2. Let v = -5 + 0. Let t be b(v). Suppose -3*a - 3*l + 63 = 0, -101 = -5*a - 2*l - t. What is the units digit of a?
7
Let h(s) = s**2 - 4*s - 5 - 3*s - 2*s**2. Let y be h(-5). Suppose 0 = -v + y*v - 40. What is the units digit of v?
0
Let m(a) = -a**2 - a + 14. Let x be m(0). What is the units digit of (x/6)/(3/54)?
2
Let f(x) = 5*x + 4. Let a be f(-2). Let p(g) = g**3 + 6*g**2 - 5*g - 2. What is the tens digit of p(a)?
2
Let f(t) be the third derivative of t**4/8 + t**3/2 - 9*t**2. Let v(q) = q**3 + 5*q**2 + 2*q - 5. Let b be v(-4). What is the units digit of f(b)?
2
Let y be 1/((-3)/111*1). Let i = -11 - y. What is the units digit of (-1)/(2 + (-54)/i)?
3
Let u(w) = w - 1. Let b be u(4). Suppose 0 = -b*y - y + 120. What is the units digit of y?
0
Suppose -3*q + 4*q = 2. What is the tens digit of 38/q - (-2 - -4)?
1
Let g = 2 - 1. Let h be g*(2 + -1) - -4. Suppose h*j - 34 + 11 = -f, -6 = 3*f. What is the units digit of j?
5
Suppose 2*p = -p + 12. Suppose -19 = -5*k + 4*s, k - 5*s + 13 = -0*s. Suppose -p = -2*o + f, 5*f = -2*o + 3*o + k. What is the units digit of o?
3
Let t = -12 + 10. What is the units digit of -2*6*t/3?
8
Let m = -182 - -269. Let k = m + -37. What is the tens digit of k?
5